{"id":8,"date":"2019-10-05T07:08:26","date_gmt":"2019-10-05T07:08:26","guid":{"rendered":"https:\/\/alvarez-it.ch\/index.php\/mesmerize\/"},"modified":"2019-10-05T08:27:36","modified_gmt":"2019-10-05T08:27:36","slug":"mesmerize","status":"publish","type":"page","link":"https:\/\/alvarez-it.ch\/","title":{"rendered":"Front Page"},"content":{"rendered":"<div  id=\"features-2\" style=\"background-color: #ffffff;\" data-label=\"Features\" data-id=\"features-ov-4-mc\" data-export-id=\"features-ov-4-mc\" data-category=\"features\" class=\"features-ov-4-mc content-section content-section-spacing\"><div  class=\"gridContainer\"> <div  data-type=\"row\" class=\"row spaced-cols text-center\"><div  class=\"col-xs-12 col-sm-4 col-padding\"> <a  data-cp-link=\"1\" href=\"https:\/\/alvarez-it.ch\/www.server-v.ch\" target=\"_blank\"><i  class=\"fa icon shadow-large-black aligncenter color1 fa-file-code-o reverse round large\"><\/i><\/a> <div  data-type=\"column\" class=\"\"> <h5  class=\"font-400\">WEBHOSTING<\/h5> <p  class=\"\">Wir bieten verschiedene m\u00f6glichkeiten \u00fcber eine sehr umfangreiche Plattform.<\/p><\/div> <\/div> <div  class=\"col-xs-12 col-sm-4 col-padding\"> <i  class=\"fa icon fa-cogs large shadow-large-black round aligncenter reverse color2\"><\/i> <div  data-type=\"column\" class=\"\"><h5  class=\"font-400\">SERVER HOSTING<\/h5> <p  class=\"\">Wir bieten ihnen einen Virtuellen Server in unserem Kleinen RZ<\/p><\/div> <\/div> <div  class=\"col-xs-12 col-sm-4 col-padding\"> <i  class=\"fa icon fa-magic large shadow-large-black round aligncenter reverse color4\"><\/i> <div  data-type=\"column\" class=\"\"><h5  class=\"font-400\">SUPPORT<\/h5> <p  class=\"\">Wir helfen ihnen beim L\u00f6sen ihrer Probleme<\/p><\/div> <\/div><\/div> <\/div><\/div><div  id=\"about-1\" style=\"background-color: #f5fafd;\" data-label=\"About\" data-id=\"about-images-right-section-mc\" data-export-id=\"about-images-right-section-mc\" data-bullets-visibility=\"true\" data-category=\"about\" class=\"about-images-right-section-mc content-section content-section-spacing\"><div  class=\"gridContainer\"> <div  class=\"row middle-sm text-center\"><div  class=\"col-sm-5 content-left-sm\" data-type=\"column\"> <h5  class=\"\">WAS WIR MACHEN?<\/h5> <h2  class=\"\">Wir bieten Kreative L\u00f6sungen\u2026<span  style=\"font-family: Playfair Display,sans-serif; font-weight: 700; font-style: italic;\" href=\"#\"><\/span><\/h2> <p  class=\"\">Wir suchen f\u00fcr sie die beste und kosteng\u00fcnstigse L\u00f6sung<\/p> <\/div> <div  class=\"col-sm-7 space-bottom-xs\"><div  class=\"image-group-side-3-img\"> <img decoding=\"async\"  class=\"topimg shadow-large\" src=\"https:\/\/alvarez-it.ch\/wp-content\/uploads\/2019\/10\/cropped-unifi-ap-features-design2x.jpg\" alt=\"\" title=\"cropped-unifi-ap-features-design2x.jpg\"> <img decoding=\"async\"  class=\"rightimg shadow-large\" src=\"https:\/\/alvarez-it.ch\/wp-content\/uploads\/2019\/10\/cropped-advanced-features-in-unifi-controller.jpg\" alt=\"\" title=\"cropped-advanced-features-in-unifi-controller.jpg\"> <div  class=\"leftimg\"> <img decoding=\"async\"  class=\"shadow-large\" src=\"https:\/\/alvarez-it.ch\/wp-content\/uploads\/2019\/10\/cropped-unifi-image@2x.png\" alt=\"\" title=\"cropped-unifi-image@2x.png\"><\/div> <\/div><\/div> <\/div><\/div> <\/div><div  id=\"content-1\" style=\"background-color: #f5fafd;\" data-label=\"Content\" data-id=\"content-7-mc\" data-export-id=\"content-7-mc\" data-category=\"content\" class=\"content-7-mc content-section content-section-spacing\"><div  class=\"gridContainer\"> <div  class=\"row middle-sm\"><div  class=\"col-sm-6 space-bottom-xs\" data-type=\"column\"> <h2  class=\"\">Web Design &amp; Webhosting<\/h2> <p  class=\"\">Bei uns erstellen sie selber in wenigen Minuten und ohne programmierkentnisse ihre eigene Webseite <\/p> <a  class=\"button color1\" href=\"https:\/\/alvarez-it.ch\/www.server-v.ch\" target=\"_blank\" data-cp-link=\"1\">LEARN MORE<\/a><\/div> <div  class=\"col-sm-6\" data-type=\"column\"> <img decoding=\"async\"  class=\"shadow-large\" src=\"https:\/\/alvarez-it.ch\/wp-content\/themes\/highlight\/customizer\/sections\/images\/cropped-hero-3.jpg\"><\/div> <\/div><\/div> <\/div><div  id=\"contact-1\" style=\"background-color: #ffffff;\" data-label=\"Contact\" data-id=\"contact-1-mc\" data-export-id=\"contact-1-mc\" data-bullets-visibility=\"true\" data-category=\"contact\" class=\"contact-1-mc content-section content-section-spacing white-text\" data-parallax-depth=\"20\"><div  class=\"gridContainer\"> <div  class=\"row text-center\"><div  class=\"section-title-col\" data-type=\"column\"> <h5  class=\"\">CONNECT WITH US<\/h5> <h2  class=\"\">Contact us<\/h2> <p  class=\"lead\">With the Internet spreading linke wildfire and reaching every part of our daily life, more and more traffic is directed to websites in search for information.<\/p><\/div> <\/div> <div  class=\"row text-center\"> <div  class=\"col-xs-12 col-sm-8 col-sm-offset-2 contact-form-wrapper inline-info\"> <div  class=\"card large-padding\"> <div  class=\"\" data-content-shortcode=\"mesmerize_contact_form shortcode=&quot;contact-form-7 id=&amp;amp;quot;4&amp;amp;quot; title=&amp;amp;quot;Contact form 1&amp;amp;quot;&quot;\" data-editable=\"true\">\n<div class=\"wpcf7 no-js\" id=\"wpcf7-f4-o1\" lang=\"de-CH\" dir=\"ltr\" data-wpcf7-id=\"4\">\n<div class=\"screen-reader-response\"><p role=\"status\" aria-live=\"polite\" aria-atomic=\"true\"><\/p> <ul><\/ul><\/div>\n<form action=\"\/index.php\/wp-json\/wp\/v2\/pages\/8#wpcf7-f4-o1\" method=\"post\" class=\"wpcf7-form init\" aria-label=\"Contact form\" novalidate=\"novalidate\" data-status=\"init\">\n<fieldset class=\"hidden-fields-container\"><input type=\"hidden\" name=\"_wpcf7\" value=\"4\" \/><input type=\"hidden\" name=\"_wpcf7_version\" value=\"6.1.5\" \/><input type=\"hidden\" name=\"_wpcf7_locale\" value=\"de_CH_informal\" \/><input type=\"hidden\" name=\"_wpcf7_unit_tag\" value=\"wpcf7-f4-o1\" \/><input type=\"hidden\" name=\"_wpcf7_container_post\" value=\"0\" \/><input type=\"hidden\" name=\"_wpcf7_posted_data_hash\" value=\"\" \/><input type=\"hidden\" name=\"_wpcf7_recaptcha_response\" value=\"\" \/>\n<\/fieldset>\n<p><label> Your Name (required)<br \/>\n<span class=\"wpcf7-form-control-wrap\" data-name=\"your-name\"><input size=\"40\" maxlength=\"400\" class=\"wpcf7-form-control wpcf7-text wpcf7-validates-as-required\" aria-required=\"true\" aria-invalid=\"false\" value=\"\" type=\"text\" name=\"your-name\" \/><\/span> <\/label>\n<\/p>\n<p><label> Your Email (required)<br \/>\n<span class=\"wpcf7-form-control-wrap\" data-name=\"your-email\"><input size=\"40\" maxlength=\"400\" class=\"wpcf7-form-control wpcf7-email wpcf7-validates-as-required wpcf7-text wpcf7-validates-as-email\" aria-required=\"true\" aria-invalid=\"false\" value=\"\" type=\"email\" name=\"your-email\" \/><\/span> <\/label>\n<\/p>\n<p><label> Subject<br \/>\n<span class=\"wpcf7-form-control-wrap\" data-name=\"your-subject\"><input size=\"40\" maxlength=\"400\" class=\"wpcf7-form-control wpcf7-text\" aria-invalid=\"false\" value=\"\" type=\"text\" name=\"your-subject\" \/><\/span> <\/label>\n<\/p>\n<p><label> Your Message<br \/>\n<span class=\"wpcf7-form-control-wrap\" data-name=\"your-message\"><textarea cols=\"40\" rows=\"10\" maxlength=\"2000\" class=\"wpcf7-form-control wpcf7-textarea\" aria-invalid=\"false\" name=\"your-message\"><\/textarea><\/span> <\/label>\n<\/p>\n<p><input class=\"wpcf7-form-control wpcf7-submit has-spinner\" type=\"submit\" value=\"Send\" \/>\n<\/p><div class=\"wpcf7-response-output\" aria-hidden=\"true\"><\/div>\n<\/form>\n<\/div>\n<\/div><\/div> <\/div><\/div> <\/div><\/div>","protected":false},"excerpt":{"rendered":"<p>WEBHOSTING Wir bieten verschiedene m\u00f6glichkeiten \u00fcber eine sehr umfangreiche Plattform. SERVER HOSTING Wir bieten ihnen einen Virtuellen Server in unserem Kleinen RZ SUPPORT Wir helfen ihnen beim L\u00f6sen ihrer Probleme WAS WIR MACHEN? Wir bieten Kreative L\u00f6sungen\u2026 Wir suchen f\u00fcr sie die beste und kosteng\u00fcnstigse L\u00f6sung Web Design &amp; Webhosting Bei uns erstellen sie selber&hellip; <br \/> <a class=\"read-more\" href=\"https:\/\/alvarez-it.ch\/\">Weiterlesen<\/a><\/p>\n","protected":false},"author":1,"featured_media":0,"parent":0,"menu_order":0,"comment_status":"closed","ping_status":"closed","template":"page-templates\/homepage.php","meta":{"footnotes":""},"class_list":["post-8","page","type-page","status-publish","hentry"],"yoast_head":"<!-- This site is optimized with the Yoast SEO plugin v27.4 - https:\/\/yoast.com\/product\/yoast-seo-wordpress\/ -->\n<title>Front Page - ALVAREZ IT-SOLUTIONS<\/title>\n<meta name=\"robots\" content=\"index, follow, max-snippet:-1, max-image-preview:large, max-video-preview:-1\" \/>\n<link rel=\"canonical\" href=\"https:\/\/alvarez-it.ch\/\" \/>\n<meta property=\"og:locale\" content=\"de_DE\" \/>\n<meta property=\"og:type\" content=\"article\" \/>\n<meta property=\"og:title\" content=\"Front Page - ALVAREZ IT-SOLUTIONS\" \/>\n<meta property=\"og:description\" content=\"WEBHOSTING Wir bieten verschiedene m\u00f6glichkeiten \u00fcber eine sehr umfangreiche Plattform. SERVER HOSTING Wir bieten ihnen einen Virtuellen Server in unserem Kleinen RZ SUPPORT Wir helfen ihnen beim L\u00f6sen ihrer Probleme WAS WIR MACHEN? Wir bieten Kreative L\u00f6sungen\u2026 Wir suchen f\u00fcr sie die beste und kosteng\u00fcnstigse L\u00f6sung Web Design &amp; Webhosting Bei uns erstellen sie selber&hellip; Weiterlesen\" \/>\n<meta property=\"og:url\" content=\"https:\/\/alvarez-it.ch\/\" \/>\n<meta property=\"og:site_name\" content=\"ALVAREZ IT-SOLUTIONS\" \/>\n<meta property=\"article:modified_time\" content=\"2019-10-05T08:27:36+00:00\" \/>\n<meta property=\"og:image\" content=\"https:\/\/alvarez-it.ch\/wp-content\/uploads\/2019\/10\/cropped-unifi-ap-features-design2x.jpg\" \/>\n<meta name=\"twitter:card\" content=\"summary_large_image\" \/>\n<meta name=\"twitter:label1\" content=\"Gesch\u00e4tzte Lesezeit\" \/>\n\t<meta name=\"twitter:data1\" content=\"1\u00a0Minute\" \/>\n<script type=\"application\/ld+json\" class=\"yoast-schema-graph\">{\"@context\":\"https:\\\/\\\/schema.org\",\"@graph\":[{\"@type\":\"WebPage\",\"@id\":\"https:\\\/\\\/alvarez-it.ch\\\/\",\"url\":\"https:\\\/\\\/alvarez-it.ch\\\/\",\"name\":\"Front Page - ALVAREZ IT-SOLUTIONS\",\"isPartOf\":{\"@id\":\"https:\\\/\\\/alvarez-it.ch\\\/#website\"},\"primaryImageOfPage\":{\"@id\":\"https:\\\/\\\/alvarez-it.ch\\\/#primaryimage\"},\"image\":{\"@id\":\"https:\\\/\\\/alvarez-it.ch\\\/#primaryimage\"},\"thumbnailUrl\":\"https:\\\/\\\/alvarez-it.ch\\\/wp-content\\\/uploads\\\/2019\\\/10\\\/cropped-unifi-ap-features-design2x.jpg\",\"datePublished\":\"2019-10-05T07:08:26+00:00\",\"dateModified\":\"2019-10-05T08:27:36+00:00\",\"breadcrumb\":{\"@id\":\"https:\\\/\\\/alvarez-it.ch\\\/#breadcrumb\"},\"inLanguage\":\"de-CH\",\"potentialAction\":[{\"@type\":\"ReadAction\",\"target\":[\"https:\\\/\\\/alvarez-it.ch\\\/\"]}]},{\"@type\":\"ImageObject\",\"inLanguage\":\"de-CH\",\"@id\":\"https:\\\/\\\/alvarez-it.ch\\\/#primaryimage\",\"url\":\"https:\\\/\\\/alvarez-it.ch\\\/wp-content\\\/uploads\\\/2019\\\/10\\\/cropped-unifi-ap-features-design2x.jpg\",\"contentUrl\":\"https:\\\/\\\/alvarez-it.ch\\\/wp-content\\\/uploads\\\/2019\\\/10\\\/cropped-unifi-ap-features-design2x.jpg\",\"width\":1221,\"height\":651},{\"@type\":\"BreadcrumbList\",\"@id\":\"https:\\\/\\\/alvarez-it.ch\\\/#breadcrumb\",\"itemListElement\":[{\"@type\":\"ListItem\",\"position\":1,\"name\":\"Home\",\"item\":\"https:\\\/\\\/alvarez-it.ch\\\/\"},{\"@type\":\"ListItem\",\"position\":2,\"name\":\"Front Page\"}]},{\"@type\":\"WebSite\",\"@id\":\"https:\\\/\\\/alvarez-it.ch\\\/#website\",\"url\":\"https:\\\/\\\/alvarez-it.ch\\\/\",\"name\":\"ALVAREZ IT-SOLUTIONS\",\"description\":\"IT F\u00dcR IHRE BED\u00dcRFNISSE\",\"potentialAction\":[{\"@type\":\"SearchAction\",\"target\":{\"@type\":\"EntryPoint\",\"urlTemplate\":\"https:\\\/\\\/alvarez-it.ch\\\/?s={search_term_string}\"},\"query-input\":{\"@type\":\"PropertyValueSpecification\",\"valueRequired\":true,\"valueName\":\"search_term_string\"}}],\"inLanguage\":\"de-CH\"}]}<\/script>\n<!-- \/ Yoast SEO plugin. -->","yoast_head_json":{"title":"Front Page - ALVAREZ IT-SOLUTIONS","robots":{"index":"index","follow":"follow","max-snippet":"max-snippet:-1","max-image-preview":"max-image-preview:large","max-video-preview":"max-video-preview:-1"},"canonical":"https:\/\/alvarez-it.ch\/","og_locale":"de_DE","og_type":"article","og_title":"Front Page - ALVAREZ IT-SOLUTIONS","og_description":"WEBHOSTING Wir bieten verschiedene m\u00f6glichkeiten \u00fcber eine sehr umfangreiche Plattform. SERVER HOSTING Wir bieten ihnen einen Virtuellen Server in unserem Kleinen RZ SUPPORT Wir helfen ihnen beim L\u00f6sen ihrer Probleme WAS WIR MACHEN? Wir bieten Kreative L\u00f6sungen\u2026 Wir suchen f\u00fcr sie die beste und kosteng\u00fcnstigse L\u00f6sung Web Design &amp; Webhosting Bei uns erstellen sie selber&hellip; Weiterlesen","og_url":"https:\/\/alvarez-it.ch\/","og_site_name":"ALVAREZ IT-SOLUTIONS","article_modified_time":"2019-10-05T08:27:36+00:00","og_image":[{"url":"https:\/\/alvarez-it.ch\/wp-content\/uploads\/2019\/10\/cropped-unifi-ap-features-design2x.jpg","type":"","width":"","height":""}],"twitter_card":"summary_large_image","twitter_misc":{"Gesch\u00e4tzte Lesezeit":"1\u00a0Minute"},"schema":{"@context":"https:\/\/schema.org","@graph":[{"@type":"WebPage","@id":"https:\/\/alvarez-it.ch\/","url":"https:\/\/alvarez-it.ch\/","name":"Front Page - ALVAREZ IT-SOLUTIONS","isPartOf":{"@id":"https:\/\/alvarez-it.ch\/#website"},"primaryImageOfPage":{"@id":"https:\/\/alvarez-it.ch\/#primaryimage"},"image":{"@id":"https:\/\/alvarez-it.ch\/#primaryimage"},"thumbnailUrl":"https:\/\/alvarez-it.ch\/wp-content\/uploads\/2019\/10\/cropped-unifi-ap-features-design2x.jpg","datePublished":"2019-10-05T07:08:26+00:00","dateModified":"2019-10-05T08:27:36+00:00","breadcrumb":{"@id":"https:\/\/alvarez-it.ch\/#breadcrumb"},"inLanguage":"de-CH","potentialAction":[{"@type":"ReadAction","target":["https:\/\/alvarez-it.ch\/"]}]},{"@type":"ImageObject","inLanguage":"de-CH","@id":"https:\/\/alvarez-it.ch\/#primaryimage","url":"https:\/\/alvarez-it.ch\/wp-content\/uploads\/2019\/10\/cropped-unifi-ap-features-design2x.jpg","contentUrl":"https:\/\/alvarez-it.ch\/wp-content\/uploads\/2019\/10\/cropped-unifi-ap-features-design2x.jpg","width":1221,"height":651},{"@type":"BreadcrumbList","@id":"https:\/\/alvarez-it.ch\/#breadcrumb","itemListElement":[{"@type":"ListItem","position":1,"name":"Home","item":"https:\/\/alvarez-it.ch\/"},{"@type":"ListItem","position":2,"name":"Front Page"}]},{"@type":"WebSite","@id":"https:\/\/alvarez-it.ch\/#website","url":"https:\/\/alvarez-it.ch\/","name":"ALVAREZ IT-SOLUTIONS","description":"IT F\u00dcR IHRE BED\u00dcRFNISSE","potentialAction":[{"@type":"SearchAction","target":{"@type":"EntryPoint","urlTemplate":"https:\/\/alvarez-it.ch\/?s={search_term_string}"},"query-input":{"@type":"PropertyValueSpecification","valueRequired":true,"valueName":"search_term_string"}}],"inLanguage":"de-CH"}]}},"_links":{"self":[{"href":"https:\/\/alvarez-it.ch\/index.php\/wp-json\/wp\/v2\/pages\/8","targetHints":{"allow":["GET"]}}],"collection":[{"href":"https:\/\/alvarez-it.ch\/index.php\/wp-json\/wp\/v2\/pages"}],"about":[{"href":"https:\/\/alvarez-it.ch\/index.php\/wp-json\/wp\/v2\/types\/page"}],"author":[{"embeddable":true,"href":"https:\/\/alvarez-it.ch\/index.php\/wp-json\/wp\/v2\/users\/1"}],"replies":[{"embeddable":true,"href":"https:\/\/alvarez-it.ch\/index.php\/wp-json\/wp\/v2\/comments?post=8"}],"version-history":[{"count":8,"href":"https:\/\/alvarez-it.ch\/index.php\/wp-json\/wp\/v2\/pages\/8\/revisions"}],"predecessor-version":[{"id":32,"href":"https:\/\/alvarez-it.ch\/index.php\/wp-json\/wp\/v2\/pages\/8\/revisions\/32"}],"wp:attachment":[{"href":"https:\/\/alvarez-it.ch\/index.php\/wp-json\/wp\/v2\/media?parent=8"}],"curies":[{"name":"wp","href":"https:\/\/api.w.org\/{rel}","templated":true}]}}